be the first derivative of 7*j**3/3 - 3*j**2 + 16*j + 1. Calculate the remainder when g(b) is divided by 21.
19
Let f be 5/(-25) + 92/10 + -2. Let u(k) = 2*k - 10. Let l be u(f). What is the remainder when 18 is divided by -11*(6/l - 1)*-2?
7
Let w be 28*(6/4)/((-32)/96). Let g = 152 + w. Calculate the remainder when 47 is divided by g.
21
Let x = 399 - 177. Suppose -x = -4*c - 158. Let a = -63 - -139. What is the remainder when a is divided by c?
12
Let g(c) = 117*c - 3620. Calculate the remainder when 577 is divided by g(31).
3
Let r(s) = s**2 + 76*s + 914. What is the remainder when 437 is divided by r(-64)?
145
Suppose -3*q = -577 - 365. Let y = -202 + q. Let u = y + -62. Calculate the remainder when u is divided by 17.
16
Let r be 5 - -1688 - (3 - (-3 + 5)). Suppose -32*m + r = -26*m. Calculate the remainder when m is divided by 19.
16
Let o(v) = v + 23. Let h be o(-18). Suppose -h*u - 4*i = -1041, u + i - 414 = -u. What is the remainder when u is divided by 72?
61
Let q be (-505)/(-10) + (-3)/(-6). Suppose j + 45 - q = 0. Calculate the remainder when 75 is divided by (-52)/6*(-9)/j.
10
Suppose -2*a + 4*b = -0*a - 92, -a = 5*b - 60. Suppose 5*s = 4*z + 463 - 354, -z = 2*s - 2. Calculate the remainder when a is divided by s.
5
Let p = 160 - 102. Let m be 39*(-4)/(-36)*3. What is the remainder when p is divided by ((-13)/m)/((-1)/30)?
28
Let a = -4 - -27. Let r(s) = -s - 18. Let q(v) = -3*v - 37. Let w(t) = 4*q(t) - 7*r(t). Calculate the remainder when a is divided by w(-7).
10
Let o = -649 - -693. Calculate the remainder when 4749 is divided by o.
41
Let f be (76/(-6))/((-5)/15). Suppose -y = -2*y + 3*n + f, 0 = 4*n + 8. Calculate the remainder when y is divided by (-4)/18 + ((-14014)/(-63))/11.
12
Suppose 1561 = 7*v - 7014. Suppose 0 = 2*l - 1331 + v. Calculate the remainder when 102 is divided by l.
49
Let c(s) = -s**3 + 14*s**2 + 37*s - 13. Let v be c(16). Suppose v = -18*f + 229. Calculate the remainder when 15 is divided by f.
6
Let k(c) = c**2 - 8*c - 25. Let p = 88 + -77. Suppose -6*m + 190 = -m. Calculate the remainder when m is divided by k(p).
6
Let h be 212 + 0 + (-9)/(18/10). Suppose 141 = -204*y + h*y. What is the remainder when y is divided by 28?
19
What is the remainder when ((-10)/(-8) + -2)/(((-133)/3528)/19) is divided by 135?
108
Suppose 2052 = -2605*q + 2776*q. Let z = -92 - -162. What is the remainder when z is divided by q?
10
Let x(z) = -7*z - 10 + 20 + 9 - 2*z + 12. Calculate the remainder when x(2) is divided by 3.
1
Suppose -931*f + 27859 - 12680 = -36026. Let g = 122 - 63. Let b = g - 29. Calculate the remainder when f is divided by b.
25
Let k = -88 - -241. Let i = 17 + -12. Suppose -i*b = -4*b - 39. What is the remainder when k is divided by b?
36
Let m = -149 - -14. Let h be (4/(-6))/((-1)/(-3)). What is the remainder when ((-108)/m)/(h/(-65)) is divided by 7?
5
Let p(b) = b**3 - 7*b**2 - 14*b + 2. Let u be 417*-5*(-2)/30. Let r = u - 98. What is the remainder when p(10) is divided by r?
39
Let b(h) = 3*h**2 + 24*h + 7. Let r be b(-8). Suppose 4*a - 154 = -r*a. Calculate the remainder when a is divided by 6.
2
Calculate the remainder when 1217 is divided by ((-26)/(-169))/((-16)/(-38792)).
98
Let m(t) = -16*t + 82. Let d be m(5). Suppose -11*x + 806 = d*x. Calculate the remainder when 123 is divided by x.
61
Let u = -327 + 335. Suppose 27*j - 29*j - 5*c = -38, u = -2*c. Calculate the remainder when 24*(7 - (-1)/(-1)) is divided by j.
28
Suppose 8 = 4*j + g - 32, -2*j - 5*g + 20 = 0. Calculate the remainder when 18 is divided by j.
8
Let p = 78 + -72. Suppose 0 = 3*d + 6, 0 = 2*k - 4*d - p - 12. Let a = 5 - -3. Calculate the remainder when a is divided by k.
3
Suppose 6*x - 585 = -513. Calculate the remainder when 6671 is divided by x.
11
Suppose 5 + 21 = p. What is the remainder when (-3)/((-15)/575) - 15 is divided by p?
22
Suppose 94*u = 729 + 4441. Let y = -366 - -913. Calculate the remainder when y is divided by u.
52
Let k be (-25)/20*4*(-20)/1. Suppose -2*p - 38 + k = 3*l, 0 = -l + 4. What is the remainder when 221 is divided by p?
21
Let g be 12105/(-21) - 21/(-49). Calculate the remainder when 46 is divided by (2/(-3))/((-12)/g*-2).
14
Let v(b) = -6*b - 17. Suppose 0 = p + u + 12, 4*u + 2 = -p - 13. Suppose -4*s = -j + 1 + 8, -j - 2*s + 33 = 0. What is the remainder when v(p) is divided by j?
24
Suppose -9*t = -4*t + r - 17, 0 = -5*t + 4*r + 32. Suppose 4*x + 4*p = 176, -t*x + 0*p = -3*p - 148. Calculate the remainder when 197 is divided by x.
37
Let c = 364 - 93. Suppose -3*f = 2*l - 137, 0 = -4*l + 3*f - 8*f + c. Suppose 2*i - 27 - 17 = 0. Calculate the remainder when l is divided by i.
20
Let s = 8 + -11. Let w be (-202)/505 + (-7)/((-105)/(-54)). Calculate the remainder when 41 is divided by (s/(-3))/2 + (-42)/w.
8
Let v(w) = 3*w**2 - 27*w + 5. Suppose -3*z = -13 - 20. What is the remainder when z is divided by v(0)?
1
Suppose -2*k + 180 = 22. Let d = k + -71. Calculate the remainder when 123/((4 + 2)*2/d) is divided by 22.
16
Let h = 19590 + -19108. Calculate the remainder when h is divided by 56.
34
Calculate the remainder when 1623 is divided by (15 + 1501/(-95))*-185.
143
Let n(f) = 33*f**2 + 162*f + 1. Let v be 2/(-3) + 28/6. Suppose -4 = 2*x, 0 = -v*b - x - 83 + 269. What is the remainder when b is divided by n(-5)?
15
Suppose 4*b - 86 = 2*q, -4*b + 7*q = 4*q - 87. Suppose 0 = -j + 2*n + 90 + 17, -12 = 3*n. What is the remainder when j is divided by b?
15
Suppose -63*c + 13852 - 811 = 0. What is the remainder when c is divided by 27?
18
Let y be 36*(-9)/18*2/(-6). Suppose 2*t = -3*o + 248, 8*o = y*o + t + 163. Calculate the remainder when o is divided by 28.
26
Calculate the remainder when 19 + (191 - -7) + -7 is divided by 53.
51
Suppose 16*z - 5763 = -259. Calculate the remainder when 1000 is divided by z.
312
Let q = 22 - 9. Let d(h) be the second derivative of -5*h**3/3 - 97*h**2 - 222*h. What is the remainder when q is divided by d(-20)?
1
Suppose 0 = -5*c - 3*s + 34 + 181, -10 = -2*s. What is the remainder when 25317 is divided by c?
37
Suppose 879 + 1123 = 14*i. Suppose 2*r - 4*j = 76, 2*r - 141 = -2*r - 3*j. Calculate the remainder when i is divided by r.
35
Suppose 0 = -5*z + 12*z - 238. Let x = 17 + -18. Calculate the remainder when x/(-7) + (-2790)/(-21) is divided by z.
31
Suppose 4*t - 35 - 13 = 0. Suppose s - t - 35 = 0. Suppose -5*a + 49 = n - 46, -5*n - s = -4*a. Calculate the remainder when a is divided by 4.
2
What is the remainder when 1305 is divided by 104/(-32)*2*2/(-1)?
5
Suppose 2*t + 4 = 0, 0 = -o + 31*t - 35*t + 217. Let v = -196 + o. What is the remainder when 34 is divided by v?
5
Suppose 34*f = -5*b + 38*f + 7913, 3*b + 5*f = 4807. Calculate the remainder when b is divided by 10.
9
Let o(q) = q**2 + 15*q - 2. Let z(x) = x**2 + 13*x - 2. Let w(t) = -3*o(t) + 2*z(t). What is the remainder when 8 is divided by w(0)?
0
Let a(f) = 2*f**2 - 9*f + 3. Let r = 99 - -74. What is the remainder when r is divided by a(-2)?
28
Let o = -1504 + 1547. Let r = -103 - -145. Suppose 16 = o*y - r*y. What is the remainder when 60 is divided by y?
12
Suppose -5*m - 2*c + 34 = 0, -5*m - 5*c + 47 = 7. Suppose 8*x - 147 + 43 = 0. What is the remainder when -4 - m/(6/(-91)) is divided by x?
9
Suppose -46*p = -54*p + 1496. Suppose -p*r + 183*r = -76. What is the remainder when r is divided by 8?
3
Suppose 0*q = 10*q - 600. Suppose -2*s - k + q = 0, -s - 25 = -k - 49. Calculate the remainder when 138 is divided by s.
26
What is the remainder when 6/(-3 + 2) + 22 + 21 is divided by 8?
5
Let m(a) = -20*a**3 - 4*a**2 - 4*a - 3. What is the remainder when m(-2) is divided by -209*33/22*2/(-33)*1?
16
Calculate the remainder when -4*(2 + 206/(-4)) is divided by 21 + -4*(-11)/(-4).
8
Let k(p) = -p**3 + 12*p**2 + 78*p + 23. Let g be k(18). Let b = 600 + g. Let h = 30 + -9. What is the remainder when b is divided by h?
20
Let l be (-5)/(15/(-111)) + 1*3. Let g be -5*(4/16 + 54/l). What is the remainder when 110 is divided by (0 - 4/g)*56?
26
Suppose 791 = 7*z - 105. Let a = -82 + z. Let i(s) = -s**3 + 7*s**2 - 17*s + 82. Calculate the remainder when a is divided by i(6).
14
Suppose 546 + 520 = 82*l. Let g = -5 + 11. Suppose -3*a - 12 = -g*a. Calculate the remainder when l is divided by a.
1
Let 